{"id":591,"date":"2017-12-20T20:29:33","date_gmt":"2017-12-20T20:29:33","guid":{"rendered":"http:\/\/www.csppke.sk\/sk\/?page_id=591"},"modified":"2019-03-14T13:12:54","modified_gmt":"2019-03-14T13:12:54","slug":"aktuality","status":"publish","type":"page","link":"https:\/\/www.csppke.sk\/sk\/aktuality\/","title":{"rendered":"Aktuality"},"content":{"rendered":"<div id=\"dslc-theme-content\"><div id=\"dslc-theme-content-inner\"><p><strong><em>\u201eCANISTERAPEUTICK\u00dd\u00a0 POBYT&#8220; (a.k.a T\u00c1BOR)<\/em><\/strong><\/p>\n<p>Aj tento rok bude na\u0161\u00edm centrom organizovan\u00fd \u010fal\u0161\u00ed ro\u010dn\u00edk <strong>canisterapeutick\u00e9ho t\u00e1bora<\/strong> (\u201et\u00e1bora so ps\u00edkmi\u201c), ktor\u00fd je zameran\u00fd <strong>na deti so \u0161pecifick\u00fdmi v\u00fdchovno-vzdel\u00e1vac\u00edmi potrebami<\/strong>.<\/p>\n<p>T\u00fdka sa najm\u00e4 det\u00ed s\u00a0probl\u00e9mami v\u00a0\u010d\u00edtan\u00ed (dyslektikov), v\u00a0p\u00edsan\u00ed (dysgrafikov), v\u00a0pravopise (dysortografikov), v\u00a0s\u00fastreden\u00ed, s\u00a0oneskoren\u00fdm v\u00fdvinom, so zv\u00fd\u0161enou emocionalitou, det\u00ed nesamostatn\u00fdch, nepraktick\u00fdch. M\u00f4\u017ee sa ho z\u00fa\u010dastni\u0165 maxim\u00e1lne <strong>30<\/strong> det\u00ed vo veku od <strong>7<\/strong> do <strong>12<\/strong> rokov (individu\u00e1lne \u017eiadosti mimo tejto vekovej kateg\u00f3rie pos\u00fadia organiz\u00e1torky). Tieto pr\u00e1zdniny bude prebieha\u0165 v\u00a0term\u00edne <strong>od 10.08.2019 do 17.08.2019<\/strong> na Ran\u010di \u0160UGOV v\u00a0\u0160ugovskej doline.<\/p>\n<p>Podrobn\u00e9 inform\u00e1cie o tomto t\u00e1bore s\u00fa dostupn\u00e9 na stiahnutie <strong><a href=\"https:\/\/www.csppke.sk\/sk\/wp-content\/uploads\/CANISTERAPEUTICK\u00dd-T\u00c1BOR-2019-info.docx\">tu<\/a><\/strong>.<\/p>\n<p>Z\u00e1v\u00e4zn\u00e1 prihl\u00e1\u0161ka na t\u00e1bor na siahnutie <a href=\"https:\/\/www.csppke.sk\/sk\/wp-content\/uploads\/Z\u00c1VAZN\u00c1-PRIHL\u00c1\u0160KA-2019.docx\"><strong>tu<\/strong><\/a>.<br \/>\n<img loading=\"lazy\" decoding=\"async\" class=\"size-full wp-image-1168 alignright\" src=\"https:\/\/www.csppke.sk\/sk\/wp-content\/uploads\/dog.png\" alt=\"\" width=\"194\" height=\"181\" \/><br \/>\n&nbsp;<\/p>\n<\/div><\/div>","protected":false},"excerpt":{"rendered":"<p>\u201eCANISTERAPEUTICK\u00dd\u00a0 POBYT&#8220; (a.k.a T\u00c1BOR) Aj tento rok bude na\u0161\u00edm centrom organizovan\u00fd \u010fal\u0161\u00ed ro\u010dn\u00edk canisterapeutick\u00e9ho t\u00e1bora (\u201et\u00e1bora so ps\u00edkmi\u201c), ktor\u00fd je zameran\u00fd na deti so \u0161pecifick\u00fdmi v\u00fdchovno-vzdel\u00e1vac\u00edmi potrebami. T\u00fdka sa najm\u00e4 det\u00ed s\u00a0probl\u00e9mami v\u00a0\u010d\u00edtan\u00ed (dyslektikov), v\u00a0p\u00edsan\u00ed (dysgrafikov), v\u00a0pravopise (dysortografikov), v\u00a0s\u00fastreden\u00ed, s\u00a0oneskoren\u00fdm v\u00fdvinom, so zv\u00fd\u0161enou emocionalitou, det\u00ed nesamostatn\u00fdch, nepraktick\u00fdch. M\u00f4\u017ee sa ho z\u00fa\u010dastni\u0165 maxim\u00e1lne 30 det\u00ed vo<\/p>\n","protected":false},"author":1,"featured_media":0,"parent":0,"menu_order":0,"comment_status":"closed","ping_status":"closed","template":"","meta":{"footnotes":""},"class_list":["post-591","page","type-page","status-publish","hentry"],"acf":[],"_links":{"self":[{"href":"https:\/\/www.csppke.sk\/sk\/wp-json\/wp\/v2\/pages\/591","targetHints":{"allow":["GET"]}}],"collection":[{"href":"https:\/\/www.csppke.sk\/sk\/wp-json\/wp\/v2\/pages"}],"about":[{"href":"https:\/\/www.csppke.sk\/sk\/wp-json\/wp\/v2\/types\/page"}],"author":[{"embeddable":true,"href":"https:\/\/www.csppke.sk\/sk\/wp-json\/wp\/v2\/users\/1"}],"replies":[{"embeddable":true,"href":"https:\/\/www.csppke.sk\/sk\/wp-json\/wp\/v2\/comments?post=591"}],"version-history":[{"count":13,"href":"https:\/\/www.csppke.sk\/sk\/wp-json\/wp\/v2\/pages\/591\/revisions"}],"predecessor-version":[{"id":1176,"href":"https:\/\/www.csppke.sk\/sk\/wp-json\/wp\/v2\/pages\/591\/revisions\/1176"}],"wp:attachment":[{"href":"https:\/\/www.csppke.sk\/sk\/wp-json\/wp\/v2\/media?parent=591"}],"curies":[{"name":"wp","href":"https:\/\/api.w.org\/{rel}","templated":true}]}}

<div id="dslc-theme-content"><div id="dslc-theme-content-inner"><p><strong><em>„CANISTERAPEUTICKÝ  POBYT&#8220; (a.k.a TÁBOR)</em></strong></p>
<p>Aj tento rok bude naším centrom organizovaný ďalší ročník <strong>canisterapeutického tábora</strong> („tábora so psíkmi“), ktorý je zameraný <strong>na deti so špecifickými výchovno-vzdelávacími potrebami</strong>.</p>
<p>Týka sa najmä detí s problémami v čítaní (dyslektikov), v písaní (dysgrafikov), v pravopise (dysortografikov), v sústredení, s oneskoreným vývinom, so zvýšenou emocionalitou, detí nesamostatných, nepraktických. Môže sa ho zúčastniť maximálne <strong>30</strong> detí vo veku od <strong>7</strong> do <strong>12</strong> rokov (individuálne žiadosti mimo tejto vekovej kategórie posúdia organizátorky). Tieto prázdniny bude prebiehať v termíne <strong>od 10.08.2019 do 17.08.2019</strong> na Ranči ŠUGOV v Šugovskej doline.</p>
<p>Podrobné informácie o tomto tábore sú dostupné na stiahnutie <strong><a href="https://www.csppke.sk/sk/wp-content/uploads/CANISTERAPEUTICKÝ-TÁBOR-2019-info.docx">tu</a></strong>.</p>
<p>Záväzná prihláška na tábor na siahnutie <a href="https://www.csppke.sk/sk/wp-content/uploads/ZÁVAZNÁ-PRIHLÁŠKA-2019.docx"><strong>tu</strong></a>.<br />
<img loading="lazy" decoding="async" class="size-full wp-image-1168 alignright" src="https://www.csppke.sk/sk/wp-content/uploads/dog.png" alt="" width="194" height="181" /><br />
&nbsp;</p>
</div></div>

<p>„CANISTERAPEUTICKÝ  POBYT&#8220; (a.k.a TÁBOR) Aj tento rok bude naším centrom organizovaný ďalší ročník canisterapeutického tábora („tábora so psíkmi“), ktorý je zameraný na deti so špecifickými výchovno-vzdelávacími potrebami. Týka sa najmä detí s problémami v čítaní (dyslektikov), v písaní (dysgrafikov), v pravopise (dysortografikov), v sústredení, s oneskoreným vývinom, so zvýšenou emocionalitou, detí nesamostatných, nepraktických. Môže sa ho zúčastniť maximálne 30 detí vo</p>
